et p = 1162 + o. What is the tens digit of p?
2
Let m be (5 - 6)*(-74 + 0). Suppose 4*z - 1450 = -m. Suppose -z = 3*a - 7*a. What is the units digit of a?
6
Suppose -13930 = -15*h + 135890. What is the thousands digit of h?
9
Let g be 10/(-25)*((-1029)/(-3) - 3). Let s = g - -366. Suppose 0 = -4*o + 3*v + s, 2*v + 87 = 3*o - 85. What is the units digit of o?
6
Let v(b) be the first derivative of -b**4/4 + 10*b**3/3 - b**2/2 - 10*b + 2. Let q be v(9). Suppose 248 = 5*l - q. What is the units digit of l?
2
Let b(p) = -195*p - 1. Let c(m) = -m - 1. Let z(n) = -2*b(n) + 2*c(n). What is the units digit of z(2)?
6
Let n(a) = -8*a + 90. Suppose 8*z - 2*z = 30. What is the units digit of n(z)?
0
Let u = 9199 - 3576. What is the tens digit of u?
2
Suppose -12411 = -4*y + 5*c, y + 4*c - 1042 = 2066. What is the thousands digit of y?
3
Let n = 313 + -475. Let o(l) = 75*l**2 + 3*l + 1. Let h be o(-2). Let g = n + h. What is the tens digit of g?
3
Let d(b) = -3*b**2 + 3*b - 8. Suppose 7*c = 10*c - 6. Let z be d(c). What is the hundreds digit of ((-4)/(-6))/(z/(-2331)*1)?
1
Let q(m) = -m**2 - 9*m - 2. Let c be q(-7). Suppose 37 = 5*i + c, 4*i = -2*b + 704. What is the tens digit of b?
4
Let r be (-2)/((-10 + 2)/(-4)). Let s = r - -6. Suppose c - 5*c - s*i + 161 = 0, 0 = -4*c - 3*i + 159. What is the units digit of c?
9
Let f(v) = v + 1. Let a be f(-6). Let c(b) = -35*b + 9. Let u be c(a). What is the units digit of u/10 - 15/(-25)?
9
Let y = -691 - -824. Let t = 115 + -71. Suppose -t + y = i. What is the tens digit of i?
8
Let z(d) = -2*d**3 - 9*d - 8. Let n be z(-1). Suppose n*f = f + 1186. What is the hundreds digit of f?
5
Let j(x) be the third derivative of 221*x**4/24 - 6*x**2. Let o be j(1). Suppose -63 = -4*s + o. What is the units digit of s?
1
Let l = 70218 - 38005. What is the ten thousands digit of l?
3
Let u(t) = 2*t + 782. Let o be u(0). Suppose 20*h = 14538 + o. What is the units digit of h?
6
Let i(x) = 11*x + 8. Let v be i(2). Let z be v/(-9)*(-108)/30. What is the units digit of (-1)/6 + (3 - (-782)/z)?
8
Let z = -4200 - -7269. What is the thousands digit of z?
3
Let f = 52 - 47. Suppose -4*r + f*r + 40 = 0. Let o = 143 + r. What is the hundreds digit of o?
1
Let x = 21921 + -15079. What is the units digit of x?
2
Let z(n) = 130*n**2 - n + 1. Let d be z(-7). Suppose 4*y - 5*y = 4*w - d, 3*w = 2*y + 4789. Suppose w + 139 = 6*l. What is the tens digit of l?
8
Suppose -2*s + 1570 = -15*r + 16*r, 3*r - 4700 = -s. What is the units digit of r?
6
Let h(n) = n**2 - 6*n + 8. Let j be h(4). Suppose k + y = -j*y + 239, 0 = -k - 5*y + 239. What is the units digit of k?
9
Let i be (-60)/((-1)/(-1 - -5)). Suppose -6*j = -15*j - 22*j. Suppose 3*u - a - i = j, 4*u - 150 = 2*u + 4*a. What is the units digit of u?
1
Let l = -6598 + 20228. What is the tens digit of l?
3
Let y(z) = -17*z**3 - 2*z - 1. Let d be y(-1). Suppose -3*n - d = -12*n. Suppose 0 = 5*v + 2*x - 637, -333 = -4*v - n*x + 177. What is the units digit of v?
7
Let m = 3035 + -2160. What is the tens digit of (303/(-5))/((-75)/m)?
0
Suppose -m + d + 14055 = 0, 3*m - 4*d - 29121 = 13035. What is the tens digit of m?
6
Let f be 3/((-5)/3 + (-11)/(-66)). Let d(s) = -441*s + 22. What is the tens digit of d(f)?
0
Suppose 4*b - 121 = -4*k + 123, 298 = 5*k - 2*b. Suppose -59*m - 273 = -k*m. What is the hundreds digit of m?
2
Let x(k) = 2*k**3 - 19*k**2 - 10*k + 5. Let y be x(10). Let i(f) = 10 + 8 + y*f**2 - 7*f - 30. What is the tens digit of i(-5)?
4
Let u = 1935 + -295. Suppose -10*g + 1630 = -5*g + 4*q, 0 = 5*g + 2*q - u. What is the tens digit of g?
3
Suppose -3*a + 45147 = 4*z, -2*z - 3*a = -17893 - 4676. What is the units digit of z?
9
Let h(s) = 2*s**2 - 8*s - 5. Let p be h(7). Let g = 47 - p. Suppose 6*i = -4 + g. What is the units digit of i?
1
Suppose -31135 + 4706 = -13*r. Suppose 0 = -8*a - 113 + r. What is the hundreds digit of a?
2
What is the tens digit of (-291)/873 + (-149594)/(-6)?
3
Suppose -91 + 94 = h. Suppose -158 = -h*w + 715. What is the tens digit of w?
9
Let v be 3001/7 - (-4)/14. Let s(c) = 24*c - 921. Let b be s(33). Let f = b + v. What is the units digit of f?
0
Suppose -5*i = 4*t - 430, -5*t = i - 6 - 59. Let q = -19 + i. What is the units digit of q?
1
Suppose -2*l = 5*k - 173, -3*k + 1 - 10 = 0. Suppose 87 = -3*y + 4*y + 4*a, 0 = -y + 3*a + l. What is the units digit of (2 - 3) + 3 + (y - 1)?
2
Suppose 12*n = 5*x + 17*n - 61650, 0 = -2*n + 4. What is the hundreds digit of x?
3
Let g(h) = 3140*h + 3670. What is the hundreds digit of g(0)?
6
What is the hundreds digit of 13 + (-1 - 3) - -836?
8
Let s = -15054 + 19818. What is the hundreds digit of s?
7
Let k(w) = -3*w**2 + 9*w - 8. Let d(o) = -6*o**2 + 16*o - 16. Let z(b) = -3*d(b) + 5*k(b). Let c be z(3). What is the tens digit of (-7)/(182/(-5750)) + (-4)/c?
2
Let z(c) = -161*c + 1391. What is the units digit of z(-58)?
9
Let o be (64/6)/(-8)*-4599. Suppose -o = -7*d + 13*d. What is the units digit of (-3)/(d/1506 - (-22)/33)?
1
Suppose 595 = -19*z + 24*z. Suppose 0 = z*v - 121*v + 540. What is the hundreds digit of v?
2
Suppose 6*q - 3*j = 9*q - 191805, -4*j - 191784 = -3*q. What is the tens digit of q?
3
Let j(d) = -d**2 - 11*d - 3. Let n be j(-11). Let q = n + 37. What is the tens digit of (-4776)/(-136) - 4/q?
3
Suppose -2*m + 18 = k - 391, 2*k - m = 823. Suppose 408 = 2*o + 4*n, -4*n + 3*n = 2*o - k. What is the tens digit of o?
0
Let p = -131 - -147. Suppose -9*j - 4970 = -p*j. What is the tens digit of j?
1
Suppose -3*w - 1567 = -4*u - u, -2*w = 5*u + 1053. Let q = -128 - w. What is the tens digit of q?
9
Let q = 31241 - 9524. Suppose -9*p - 10*p + q = 0. What is the tens digit of p?
4
Let a(f) = -f**3 - 5*f**2 - f - 11. Let o be a(-5). Let t(g) = g**3 - 10*g**2 - 8*g + 2. Let q be t(10). What is the units digit of (o - -8)/((-3)/q)?
2
Suppose 3*v = 4*x + 50931, 140*v = 141*v + 4*x - 16993. What is the hundreds digit of v?
9
Suppose -a - n = -7768, -23*n = -2*a - 20*n + 15521. What is the thousands digit of a?
7
Suppose 36234 = -3*q + 2*n + 100842, -5*n = 30. What is the units digit of q?
2
What is the ten thousands digit of 3/(((-378)/66264)/(-21))?
1
Let b = 5992 - -1894. What is the tens digit of b?
8
Let t be (0 + 1)/(1/21). Let h = 3643 + -3638. Suppose w = t + h. What is the units digit of w?
6
Suppose 8*w + 42 + 6 = 0. Let l(r) = 2*r**2 + 11*r + 10. Let y be l(w). What is the units digit of 0 + -1 + y + (-20)/(-4)?
0
Let q(n) = 508*n**3 - 2*n**2 + 13*n - 74. What is the ten thousands digit of q(4)?
3
Let f(w) = 9*w + 150. Let j be f(-6). Let l = 405 - j. What is the units digit of l?
9
Let m(w) = -w**3 + 6*w**2 - 9*w + 4. Let b be m(4). Suppose b = -r - 14*r + 45. Suppose r*n - 4*i = 754, -n - n + 488 = i. What is the units digit of n?
6
Let n be (-152)/10 + (-14)/(-70). Let l be (-3)/(-6) - (-4 + n/(-6)). Suppose -3*v + 411 = 3*s, 0 = l*v - 5*v - s + 421. What is the units digit of v?
2
Let r be (2/9)/(-1) + 20/90. Suppose -3*m + 3 + 3 = r, -5*m = 5*x - 15. Suppose o = 2 - x, 5*v - 3*o = 192. What is the units digit of v?
9
Let m = -82 - -72. What is the units digit of (-3 + m)*(-9 + -2)?
3
Let h be 4 + (-52)/14 - 84/(-49). Suppose g + 774 = 2*n - 0*g, 0 = h*g. What is the units digit of n?
7
Suppose -o - 41520 = -4*o - 9*o. What is the hundreds digit of o?
4
Let k = -13654 + 21654. What is the units digit of k?
0
Let y = 6999 + 813. What is the units digit of y?
2
Suppose 15 = -21*w + 24*w. Suppose 4*t = w*t - 2. Suppose 5*c - 336 = 3*g, 5*g - 126 = -2*c + t*g. What is the units digit of c?
6
Let t be (-24)/(-56) - 12/(-21). What is the hundreds digit of (t + -3)*8205/(-10)?
6
Let k(s) = -396*s**3 + 5*s**2 + 17*s + 27. What is the thousands digit of k(-3)?
0
Let x = -8403 - -17999. What is the thousands digit of x?
9
Let g be (6 - 7)*(-2)/(0 - 2). Let v be -4*g/(-2)*47/2. Let q = -5 - v. What is the tens digit of q?
4
Suppose -5*f - a + 18 = -19, 26 = 4*f - a. Suppose 4*n = 5*y + 1 + f, -2*y - 2 = -n. What is the units digit of 1020/18 + n/6?
7
Let k be (-120252)/198*-3*14/4. Suppose 4*m - 4*q + 0*q - 5108 = 0, 0 = -5*m - 3*q + k. What is the tens digit of m?
7
Suppose 10*y - 7*y = -9. Let s = 2 - y. Suppose r = 6*r - m - 455, -385 = -4*r + s*m. What is the tens digit of r?
9
Let p = -320 - -353. S